{"id":1903,"date":"2007-03-06T16:27:00","date_gmt":"2007-03-06T15:27:00","guid":{"rendered":"https:\/\/www.speziell.net\/beta\/?page_id=1903"},"modified":"2023-11-06T11:22:47","modified_gmt":"2023-11-06T10:22:47","slug":"kollege","status":"publish","type":"page","link":"https:\/\/www.speziell.net\/beta\/home\/kollege\/","title":{"rendered":"KOLLEGE"},"content":{"rendered":"\t\t<div data-elementor-type=\"wp-page\" data-elementor-id=\"1903\" class=\"elementor elementor-1903\" data-elementor-post-type=\"page\">\n\t\t\t\t\t\t<section class=\"elementor-section elementor-top-section elementor-element elementor-element-49cca0e2 elementor-section-boxed elementor-section-height-default elementor-section-height-default\" data-id=\"49cca0e2\" data-element_type=\"section\" data-e-type=\"section\">\n\t\t\t\t\t\t<div class=\"elementor-container elementor-column-gap-default\">\n\t\t\t\t\t<div class=\"elementor-column elementor-col-100 elementor-top-column elementor-element elementor-element-ea709fc\" data-id=\"ea709fc\" data-element_type=\"column\" data-e-type=\"column\">\n\t\t\t<div class=\"elementor-widget-wrap elementor-element-populated\">\n\t\t\t\t\t\t<div class=\"elementor-element elementor-element-6f41014b elementor-hidden-mobile elementor-hidden-tablet elementor-widget elementor-widget-image\" data-id=\"6f41014b\" data-element_type=\"widget\" data-e-type=\"widget\" data-widget_type=\"image.default\">\n\t\t\t\t<div class=\"elementor-widget-container\">\n\t\t\t\t\t\t\t\t\t\t\t\t\t\t\t\t<a href=\"https:\/\/www.speziell.net\/beta\/home\/\">\n\t\t\t\t\t\t\t<img decoding=\"async\" width=\"100\" height=\"100\" src=\"https:\/\/www.speziell.net\/beta\/wp-content\/uploads\/2023\/02\/speziell_logo_grau-1.svg\" class=\"attachment-large size-large wp-image-731\" alt=\"Designstudio speziell\u00ae \u2013 Fleckenstein Pohlmann Schwer GbR\" \/>\t\t\t\t\t\t\t\t<\/a>\n\t\t\t\t\t\t\t\t\t\t\t\t\t\t\t<\/div>\n\t\t\t\t<\/div>\n\t\t\t\t<div class=\"elementor-element elementor-element-4d721d9f elementor-hidden-desktop elementor-widget elementor-widget-image\" data-id=\"4d721d9f\" data-element_type=\"widget\" data-e-type=\"widget\" data-widget_type=\"image.default\">\n\t\t\t\t<div class=\"elementor-widget-container\">\n\t\t\t\t\t\t\t\t\t\t\t\t\t\t\t\t<a href=\"https:\/\/www.speziell.net\/beta\/home\/\">\n\t\t\t\t\t\t\t<img decoding=\"async\" width=\"100\" height=\"100\" src=\"https:\/\/www.speziell.net\/beta\/wp-content\/uploads\/2023\/03\/speziell_logo_oSubline.svg\" class=\"attachment-large size-large wp-image-2739\" alt=\"\" \/>\t\t\t\t\t\t\t\t<\/a>\n\t\t\t\t\t\t\t\t\t\t\t\t\t\t\t<\/div>\n\t\t\t\t<\/div>\n\t\t\t\t\t<\/div>\n\t\t<\/div>\n\t\t\t\t\t<\/div>\n\t\t<\/section>\n\t\t\t\t<section class=\"elementor-section elementor-top-section elementor-element elementor-element-7704ae56 elementor-section-boxed elementor-section-height-default elementor-section-height-default\" data-id=\"7704ae56\" data-element_type=\"section\" data-e-type=\"section\">\n\t\t\t\t\t\t<div class=\"elementor-container elementor-column-gap-default\">\n\t\t\t\t\t<div class=\"elementor-column elementor-col-50 elementor-top-column elementor-element elementor-element-1c3b86af\" data-id=\"1c3b86af\" data-element_type=\"column\" data-e-type=\"column\">\n\t\t\t<div class=\"elementor-widget-wrap elementor-element-populated\">\n\t\t\t\t\t\t<div class=\"elementor-element elementor-element-67c75345 elementor-widget elementor-widget-heading\" data-id=\"67c75345\" data-element_type=\"widget\" data-e-type=\"widget\" data-widget_type=\"heading.default\">\n\t\t\t\t<div class=\"elementor-widget-container\">\n\t\t\t\t\t<h2 class=\"elementor-heading-title elementor-size-default\">ANTHOLOGIE QUARTETT: KOLLEGE<\/h2>\t\t\t\t<\/div>\n\t\t\t\t<\/div>\n\t\t\t\t<div class=\"elementor-element elementor-element-64e07ab elementor-widget elementor-widget-text-editor\" data-id=\"64e07ab\" data-element_type=\"widget\" data-e-type=\"widget\" data-widget_type=\"text-editor.default\">\n\t\t\t\t<div class=\"elementor-widget-container\">\n\t\t\t\t\t\t\t\t\t<p>Interpretation einer altehrw\u00fcrdigen Tischleuchte<\/p>\t\t\t\t\t\t\t\t<\/div>\n\t\t\t\t<\/div>\n\t\t\t\t<div class=\"elementor-element elementor-element-70eee22a elementor-widget elementor-widget-text-editor\" data-id=\"70eee22a\" data-element_type=\"widget\" data-e-type=\"widget\" data-widget_type=\"text-editor.default\">\n\t\t\t\t<div class=\"elementor-widget-container\">\n\t\t\t\t\t\t\t\t\t<p class=\"text\">Der KOLLEGE ist eine wohnliche Leuchte, deren Licht sowohl stimmungsvoll als auch gerichtet eingesetzt werden kann.<\/p>\n<p class=\"text\">\u00dcber eine Kippmechanik l\u00e4sst sich die Leuchte in 5 Positionen neigen. Steht sie senkrecht, ist sie in erster Linie eine dekorative Tischleuchte. Mit Hilfe der weiteren vier Positionen l\u00e4sst sich der Schreibtisch entsprechend der gew\u00fcnschten Lichtsituation auch gezielt beleuchten. Zus\u00e4tzlich ist das Licht stufenlos dimmbar.<\/p>\n<p class=\"text\">Der KOLLEGE passt mit seiner filigranen und grafischen Formensprache in moderne und klassische Wohnr\u00e4ume.<\/p>\n<p class=\"text\">Award:<br>-Focus Open 2009<\/p>\n<p class=\"text\">Hersteller:<br><a href=\"https:\/\/www.anthologiequartett.de\">https:\/\/www.anthologiequartett.de<\/a><\/p>\t\t\t\t\t\t\t\t<\/div>\n\t\t\t\t<\/div>\n\t\t\t\t\t<\/div>\n\t\t<\/div>\n\t\t\t\t<div class=\"elementor-column elementor-col-50 elementor-top-column elementor-element elementor-element-3609704e\" data-id=\"3609704e\" data-element_type=\"column\" data-e-type=\"column\">\n\t\t\t<div class=\"elementor-widget-wrap elementor-element-populated\">\n\t\t\t\t\t\t<div class=\"elementor-element elementor-element-7b45c903 elementor-widget elementor-widget-gallery\" data-id=\"7b45c903\" data-element_type=\"widget\" data-e-type=\"widget\" data-settings=\"{&quot;gallery_layout&quot;:&quot;masonry&quot;,&quot;columns&quot;:2,&quot;lazyload&quot;:&quot;yes&quot;,&quot;columns_tablet&quot;:2,&quot;columns_mobile&quot;:1,&quot;gap&quot;:{&quot;unit&quot;:&quot;px&quot;,&quot;size&quot;:10,&quot;sizes&quot;:[]},&quot;gap_tablet&quot;:{&quot;unit&quot;:&quot;px&quot;,&quot;size&quot;:10,&quot;sizes&quot;:[]},&quot;gap_mobile&quot;:{&quot;unit&quot;:&quot;px&quot;,&quot;size&quot;:10,&quot;sizes&quot;:[]},&quot;link_to&quot;:&quot;file&quot;,&quot;overlay_background&quot;:&quot;yes&quot;,&quot;content_hover_animation&quot;:&quot;fade-in&quot;}\" data-widget_type=\"gallery.default\">\n\t\t\t\t<div class=\"elementor-widget-container\">\n\t\t\t\t\t\t\t<div class=\"elementor-gallery__container\">\n\t\t\t\t\t\t\t<a class=\"e-gallery-item elementor-gallery-item elementor-animated-content\" href=\"https:\/\/www.speziell.net\/beta\/wp-content\/uploads\/2023\/03\/2007_anthologieQuartett_KOLLEGE_by_speziell_Funktion_Freisteller.jpg\" data-elementor-open-lightbox=\"yes\" data-elementor-lightbox-slideshow=\"7b45c903\" data-elementor-lightbox-title=\"2007_anthologieQuartett_KOLLEGE_by_speziell_Funktion_Freisteller\" data-elementor-lightbox-description=\"anthologie Quartett: Kollege by Designstudio speziell\u00ae \u2013 Die Leuchte kann in 5 Stufen geneigt werden, der Leuchtenschirm bleibt dabei immer waagrecht ausgerichtet\" data-e-action-hash=\"#elementor-action%3Aaction%3Dlightbox%26settings%3DeyJpZCI6MTkwNiwidXJsIjoiaHR0cHM6XC9cL3d3dy5zcGV6aWVsbC5uZXRcL2JldGFcL3dwLWNvbnRlbnRcL3VwbG9hZHNcLzIwMjNcLzAzXC8yMDA3X2FudGhvbG9naWVRdWFydGV0dF9LT0xMRUdFX2J5X3NwZXppZWxsX0Z1bmt0aW9uX0ZyZWlzdGVsbGVyLmpwZyIsInNsaWRlc2hvdyI6IjdiNDVjOTAzIn0%3D\">\n\t\t\t\t\t<div class=\"e-gallery-image elementor-gallery-item__image\" data-thumbnail=\"https:\/\/www.speziell.net\/beta\/wp-content\/uploads\/2023\/03\/2007_anthologieQuartett_KOLLEGE_by_speziell_Funktion_Freisteller-1024x683.jpg\" data-width=\"800\" data-height=\"534\" aria-label=\"anthologie Quartett: Kollege by Designstudio speziell\u00ae \u2013 Die Leuchte kann in 5 Stufen geneigt werden, der Leuchtenschirm bleibt dabei immer waagrecht ausgerichtet\" role=\"img\" ><\/div>\n\t\t\t\t\t\t\t\t\t\t\t<div class=\"elementor-gallery-item__overlay\"><\/div>\n\t\t\t\t\t\t\t\t\t\t\t\t\t\t<\/a>\n\t\t\t\t\t\t\t<a class=\"e-gallery-item elementor-gallery-item elementor-animated-content\" href=\"https:\/\/www.speziell.net\/beta\/wp-content\/uploads\/2023\/03\/2007_anthologieQuartett_KOLLEGE_by_speziell_2er-auf-Regal.jpg\" data-elementor-open-lightbox=\"yes\" data-elementor-lightbox-slideshow=\"7b45c903\" data-elementor-lightbox-title=\"2007_anthologieQuartett_KOLLEGE_by_speziell_2er auf Regal\" data-elementor-lightbox-description=\"anthologie Quartett: Kollege by Designstudio speziell\u00ae \u2013 Die Leuchte kann f\u00fcr dekoratives Stimmungslicht oder als Lese- und Arbeitsleuchte genutzt werden\" data-e-action-hash=\"#elementor-action%3Aaction%3Dlightbox%26settings%3DeyJpZCI6MTkwNCwidXJsIjoiaHR0cHM6XC9cL3d3dy5zcGV6aWVsbC5uZXRcL2JldGFcL3dwLWNvbnRlbnRcL3VwbG9hZHNcLzIwMjNcLzAzXC8yMDA3X2FudGhvbG9naWVRdWFydGV0dF9LT0xMRUdFX2J5X3NwZXppZWxsXzJlci1hdWYtUmVnYWwuanBnIiwic2xpZGVzaG93IjoiN2I0NWM5MDMifQ%3D%3D\">\n\t\t\t\t\t<div class=\"e-gallery-image elementor-gallery-item__image\" data-thumbnail=\"https:\/\/www.speziell.net\/beta\/wp-content\/uploads\/2023\/03\/2007_anthologieQuartett_KOLLEGE_by_speziell_2er-auf-Regal-1024x683.jpg\" data-width=\"800\" data-height=\"534\" aria-label=\"anthologie Quartett: Kollege by Designstudio speziell\u00ae \u2013 Die Leuchte kann f\u00fcr dekoratives Stimmungslicht oder als Lese- und Arbeitsleuchte genutzt werden\" role=\"img\" ><\/div>\n\t\t\t\t\t\t\t\t\t\t\t<div class=\"elementor-gallery-item__overlay\"><\/div>\n\t\t\t\t\t\t\t\t\t\t\t\t\t\t<\/a>\n\t\t\t\t\t\t\t<a class=\"e-gallery-item elementor-gallery-item elementor-animated-content\" href=\"https:\/\/www.speziell.net\/beta\/wp-content\/uploads\/2023\/03\/2007_anthologieQuartett_KOLLEGE_by_speziell_mit-Sockel-1.jpg\" data-elementor-open-lightbox=\"yes\" data-elementor-lightbox-slideshow=\"7b45c903\" data-elementor-lightbox-title=\"2007_anthologieQuartett_KOLLEGE_by_speziell_mit Sockel\" data-elementor-lightbox-description=\"anthologie Quartett: Kollege by Designstudio speziell\u00ae \u2013 In Kombination mit einem Sockel wird Euch der Tischleuchte eine Stehleuchte, die Zus\u00e4tzlich Stauraum und eine Ablagefl\u00e4che bietet\" data-e-action-hash=\"#elementor-action%3Aaction%3Dlightbox%26settings%3DeyJpZCI6MTkzNSwidXJsIjoiaHR0cHM6XC9cL3d3dy5zcGV6aWVsbC5uZXRcL2JldGFcL3dwLWNvbnRlbnRcL3VwbG9hZHNcLzIwMjNcLzAzXC8yMDA3X2FudGhvbG9naWVRdWFydGV0dF9LT0xMRUdFX2J5X3NwZXppZWxsX21pdC1Tb2NrZWwtMS5qcGciLCJzbGlkZXNob3ciOiI3YjQ1YzkwMyJ9\">\n\t\t\t\t\t<div class=\"e-gallery-image elementor-gallery-item__image\" data-thumbnail=\"https:\/\/www.speziell.net\/beta\/wp-content\/uploads\/2023\/03\/2007_anthologieQuartett_KOLLEGE_by_speziell_mit-Sockel-1-683x1024.jpg\" data-width=\"683\" data-height=\"1024\" aria-label=\"anthologie Quartett: Kollege by Designstudio speziell\u00ae \u2013 In Kombination mit einem Sockel wird Euch der Tischleuchte eine Stehleuchte, die Zus\u00e4tzlich Stauraum und eine Ablagefl\u00e4che bietet\" role=\"img\" ><\/div>\n\t\t\t\t\t\t\t\t\t\t\t<div class=\"elementor-gallery-item__overlay\"><\/div>\n\t\t\t\t\t\t\t\t\t\t\t\t\t\t<\/a>\n\t\t\t\t\t\t\t<a class=\"e-gallery-item elementor-gallery-item elementor-animated-content\" href=\"https:\/\/www.speziell.net\/beta\/wp-content\/uploads\/2023\/03\/2007_anthologieQuartett_KOLLEGE_by_speziell_Freisteller.jpg\" data-elementor-open-lightbox=\"yes\" data-elementor-lightbox-slideshow=\"7b45c903\" data-elementor-lightbox-title=\"2007_anthologieQuartett_KOLLEGE_by_speziell_Freisteller\" data-elementor-lightbox-description=\"anthologie Quartett: Kollege by Designstudio speziell\u00ae \u2013 Durch die grafische Anmutung wirkt die Leuchte zugleich klassisch und modern\" data-e-action-hash=\"#elementor-action%3Aaction%3Dlightbox%26settings%3DeyJpZCI6MTkwNSwidXJsIjoiaHR0cHM6XC9cL3d3dy5zcGV6aWVsbC5uZXRcL2JldGFcL3dwLWNvbnRlbnRcL3VwbG9hZHNcLzIwMjNcLzAzXC8yMDA3X2FudGhvbG9naWVRdWFydGV0dF9LT0xMRUdFX2J5X3NwZXppZWxsX0ZyZWlzdGVsbGVyLmpwZyIsInNsaWRlc2hvdyI6IjdiNDVjOTAzIn0%3D\">\n\t\t\t\t\t<div class=\"e-gallery-image elementor-gallery-item__image\" data-thumbnail=\"https:\/\/www.speziell.net\/beta\/wp-content\/uploads\/2023\/03\/2007_anthologieQuartett_KOLLEGE_by_speziell_Freisteller-683x1024.jpg\" data-width=\"683\" data-height=\"1024\" aria-label=\"anthologie Quartett: Kollege by Designstudio speziell\u00ae \u2013 Durch die grafische Anmutung wirkt die Leuchte zugleich klassisch und modern\" role=\"img\" ><\/div>\n\t\t\t\t\t\t\t\t\t\t\t<div class=\"elementor-gallery-item__overlay\"><\/div>\n\t\t\t\t\t\t\t\t\t\t\t\t\t\t<\/a>\n\t\t\t\t\t\t\t<a class=\"e-gallery-item elementor-gallery-item elementor-animated-content\" href=\"https:\/\/www.speziell.net\/beta\/wp-content\/uploads\/2023\/03\/2007_anthologieQuartett_KOLLEGE_by_speziell_Wandleuchte_Freisteller.jpg\" data-elementor-open-lightbox=\"yes\" data-elementor-lightbox-slideshow=\"7b45c903\" data-elementor-lightbox-title=\"2007_anthologieQuartett_KOLLEGE_by_speziell_Wandleuchte_Freisteller\" data-elementor-lightbox-description=\"anthologie Quartett: Kollege by Designstudio speziell\u00ae \u2013 Version f\u00fcr Wandmontage\" data-e-action-hash=\"#elementor-action%3Aaction%3Dlightbox%26settings%3DeyJpZCI6MTkwOCwidXJsIjoiaHR0cHM6XC9cL3d3dy5zcGV6aWVsbC5uZXRcL2JldGFcL3dwLWNvbnRlbnRcL3VwbG9hZHNcLzIwMjNcLzAzXC8yMDA3X2FudGhvbG9naWVRdWFydGV0dF9LT0xMRUdFX2J5X3NwZXppZWxsX1dhbmRsZXVjaHRlX0ZyZWlzdGVsbGVyLmpwZyIsInNsaWRlc2hvdyI6IjdiNDVjOTAzIn0%3D\">\n\t\t\t\t\t<div class=\"e-gallery-image elementor-gallery-item__image\" data-thumbnail=\"https:\/\/www.speziell.net\/beta\/wp-content\/uploads\/2023\/03\/2007_anthologieQuartett_KOLLEGE_by_speziell_Wandleuchte_Freisteller-1024x683.jpg\" data-width=\"800\" data-height=\"534\" aria-label=\"anthologie Quartett: Kollege by Designstudio speziell\u00ae \u2013 Version f\u00fcr Wandmontage\" role=\"img\" ><\/div>\n\t\t\t\t\t\t\t\t\t\t\t<div class=\"elementor-gallery-item__overlay\"><\/div>\n\t\t\t\t\t\t\t\t\t\t\t\t\t\t<\/a>\n\t\t\t\t\t<\/div>\n\t\t\t\t\t<\/div>\n\t\t\t\t<\/div>\n\t\t\t\t\t<\/div>\n\t\t<\/div>\n\t\t\t\t\t<\/div>\n\t\t<\/section>\n\t\t\t\t<\/div>\n\t\t","protected":false},"excerpt":{"rendered":"<p>ANTHOLOGIE QUARTETT: KOLLEGE Interpretation einer altehrw\u00fcrdigen Tischleuchte Der KOLLEGE ist eine wohnliche Leuchte, deren Licht sowohl stimmungsvoll als auch gerichtet eingesetzt werden kann. \u00dcber eine Kippmechanik l\u00e4sst sich die Leuchte in 5 Positionen neigen. Steht sie senkrecht, ist sie in erster Linie eine dekorative Tischleuchte. Mit Hilfe der weiteren vier Positionen l\u00e4sst sich der Schreibtisch [&hellip;]<\/p>\n","protected":false},"author":1,"featured_media":1906,"parent":9,"menu_order":0,"comment_status":"closed","ping_status":"closed","template":"","meta":{"footnotes":""},"class_list":["post-1903","page","type-page","status-publish","has-post-thumbnail","hentry"],"_links":{"self":[{"href":"https:\/\/www.speziell.net\/beta\/wp-json\/wp\/v2\/pages\/1903","targetHints":{"allow":["GET"]}}],"collection":[{"href":"https:\/\/www.speziell.net\/beta\/wp-json\/wp\/v2\/pages"}],"about":[{"href":"https:\/\/www.speziell.net\/beta\/wp-json\/wp\/v2\/types\/page"}],"author":[{"embeddable":true,"href":"https:\/\/www.speziell.net\/beta\/wp-json\/wp\/v2\/users\/1"}],"replies":[{"embeddable":true,"href":"https:\/\/www.speziell.net\/beta\/wp-json\/wp\/v2\/comments?post=1903"}],"version-history":[{"count":48,"href":"https:\/\/www.speziell.net\/beta\/wp-json\/wp\/v2\/pages\/1903\/revisions"}],"predecessor-version":[{"id":5030,"href":"https:\/\/www.speziell.net\/beta\/wp-json\/wp\/v2\/pages\/1903\/revisions\/5030"}],"up":[{"embeddable":true,"href":"https:\/\/www.speziell.net\/beta\/wp-json\/wp\/v2\/pages\/9"}],"wp:featuredmedia":[{"embeddable":true,"href":"https:\/\/www.speziell.net\/beta\/wp-json\/wp\/v2\/media\/1906"}],"wp:attachment":[{"href":"https:\/\/www.speziell.net\/beta\/wp-json\/wp\/v2\/media?parent=1903"}],"curies":[{"name":"wp","href":"https:\/\/api.w.org\/{rel}","templated":true}]}}