{"id":629,"date":"2019-02-21T18:06:00","date_gmt":"2019-02-21T17:06:00","guid":{"rendered":"https:\/\/www.speziell.net\/beta\/?page_id=629"},"modified":"2025-03-06T13:32:28","modified_gmt":"2025-03-06T12:32:28","slug":"levelrs","status":"publish","type":"page","link":"https:\/\/www.speziell.net\/beta\/home\/levelrs\/","title":{"rendered":"LEVEL RS"},"content":{"rendered":"\t\t<div data-elementor-type=\"wp-page\" data-elementor-id=\"629\" class=\"elementor elementor-629\" data-elementor-post-type=\"page\">\n\t\t\t\t\t\t<section class=\"elementor-section elementor-top-section elementor-element elementor-element-12e23433 elementor-section-boxed elementor-section-height-default elementor-section-height-default\" data-id=\"12e23433\" data-element_type=\"section\" data-e-type=\"section\">\n\t\t\t\t\t\t<div class=\"elementor-container elementor-column-gap-default\">\n\t\t\t\t\t<div class=\"elementor-column elementor-col-100 elementor-top-column elementor-element elementor-element-5269cead\" data-id=\"5269cead\" data-element_type=\"column\" data-e-type=\"column\">\n\t\t\t<div class=\"elementor-widget-wrap elementor-element-populated\">\n\t\t\t\t\t\t<div class=\"elementor-element elementor-element-33a3d088 elementor-hidden-mobile elementor-hidden-tablet elementor-widget elementor-widget-image\" data-id=\"33a3d088\" data-element_type=\"widget\" data-e-type=\"widget\" data-widget_type=\"image.default\">\n\t\t\t\t<div class=\"elementor-widget-container\">\n\t\t\t\t\t\t\t\t\t\t\t\t\t\t\t\t<a href=\"https:\/\/www.speziell.net\/beta\/home\/\">\n\t\t\t\t\t\t\t<img decoding=\"async\" width=\"100\" height=\"100\" src=\"https:\/\/www.speziell.net\/beta\/wp-content\/uploads\/2023\/02\/speziell_logo_grau-1.svg\" class=\"attachment-large size-large wp-image-731\" alt=\"Designstudio speziell\u00ae \u2013 Fleckenstein Pohlmann Schwer GbR\" \/>\t\t\t\t\t\t\t\t<\/a>\n\t\t\t\t\t\t\t\t\t\t\t\t\t\t\t<\/div>\n\t\t\t\t<\/div>\n\t\t\t\t<div class=\"elementor-element elementor-element-53aa2704 elementor-hidden-desktop elementor-widget elementor-widget-image\" data-id=\"53aa2704\" data-element_type=\"widget\" data-e-type=\"widget\" data-widget_type=\"image.default\">\n\t\t\t\t<div class=\"elementor-widget-container\">\n\t\t\t\t\t\t\t\t\t\t\t\t\t\t\t\t<a href=\"https:\/\/www.speziell.net\/beta\/home\/\">\n\t\t\t\t\t\t\t<img decoding=\"async\" width=\"100\" height=\"100\" src=\"https:\/\/www.speziell.net\/beta\/wp-content\/uploads\/2023\/03\/speziell_logo_oSubline.svg\" class=\"attachment-large size-large wp-image-2739\" alt=\"\" \/>\t\t\t\t\t\t\t\t<\/a>\n\t\t\t\t\t\t\t\t\t\t\t\t\t\t\t<\/div>\n\t\t\t\t<\/div>\n\t\t\t\t\t<\/div>\n\t\t<\/div>\n\t\t\t\t\t<\/div>\n\t\t<\/section>\n\t\t\t\t<section class=\"elementor-section elementor-top-section elementor-element elementor-element-52c41ec5 elementor-section-boxed elementor-section-height-default elementor-section-height-default\" data-id=\"52c41ec5\" data-element_type=\"section\" data-e-type=\"section\">\n\t\t\t\t\t\t<div class=\"elementor-container elementor-column-gap-default\">\n\t\t\t\t\t<div class=\"elementor-column elementor-col-50 elementor-top-column elementor-element elementor-element-2ebf0ef7\" data-id=\"2ebf0ef7\" data-element_type=\"column\" data-e-type=\"column\">\n\t\t\t<div class=\"elementor-widget-wrap elementor-element-populated\">\n\t\t\t\t\t\t<div class=\"elementor-element elementor-element-71e9150 elementor-widget elementor-widget-heading\" data-id=\"71e9150\" data-element_type=\"widget\" data-e-type=\"widget\" data-widget_type=\"heading.default\">\n\t\t\t\t<div class=\"elementor-widget-container\">\n\t\t\t\t\t<h1 class=\"elementor-heading-title elementor-size-default\">ERLUS: LEVEL RS<\/h1>\t\t\t\t<\/div>\n\t\t\t\t<\/div>\n\t\t\t\t<div class=\"elementor-element elementor-element-28879ad4 elementor-widget elementor-widget-text-editor\" data-id=\"28879ad4\" data-element_type=\"widget\" data-e-type=\"widget\" data-widget_type=\"text-editor.default\">\n\t\t\t\t<div class=\"elementor-widget-container\">\n\t\t\t\t\t\t\t\t\t<p><strong>Eine puristische Formensprache f\u00fcr flach geneigte D\u00e4cher \u2013 glatt, kantig, regensicher ab 10\u00b0 Dachneigung <\/strong><\/p>\t\t\t\t\t\t\t\t<\/div>\n\t\t\t\t<\/div>\n\t\t\t\t<div class=\"elementor-element elementor-element-1b875c69 elementor-widget elementor-widget-text-editor\" data-id=\"1b875c69\" data-element_type=\"widget\" data-e-type=\"widget\" data-widget_type=\"text-editor.default\">\n\t\t\t\t<div class=\"elementor-widget-container\">\n\t\t\t\t\t\t\t\t\t<p>Der Dachziegel LEVEL RS\u00ae ist bereits unser zweiter Spezialist f\u00fcr flach geneigte D\u00e4cher, den wir f\u00fcr die Erlus AG entwickelt haben. Auffallend ist seine klare kantige Sichtfl\u00e4che mit geraden Abschlusskanten. Diese Attribute sorgen f\u00fcr minimalistische, glatt aussehende Dachfl\u00e4chen. Alle technischen Details folgen diesem Formprinzip \u2013 die geradlinige Gestaltung erzeugt eine hohe Ordnung. Damit vermittelt der Ziegel als Ganzes den kompromisslosen Qualit\u00e4tsanspruch der Marke Erlus.<\/p>\n<p>Auch bei der technischen Weiterentwicklung dieses Modells war das Designstudio speziell\u00ae beteiligt. Deshalb integrieren sich funktionale Besonderheiten nahtlos und selbstverst\u00e4ndlich in die Gesamtstruktur. Die tiefe Ringverfalzung mit 3-fachem Kopf- und Seitenfalz leitet das Wasser auf der Ziegeloberfl\u00e4che perfekt ab. So bleibt selbst bei flachen Dachneigungen die Unterkonstruktion trocken (im Halbverband verlegt: Regeldachneigung 16\u00b0, Mindestdachneigung 10\u00b0). Die formal beruhigte und technisch durchdachte Verrippung auf der Unterseite des Ziegels stabilisiert den LEVEL RS\u00ae gegen Hagelk\u00f6rner bis zu 4cm Durchmesser. Weitere Innovationen finden sich in Details: Wie beispielsweise die schwalbenschwanzf\u00f6rmigen Stapelarretierungen auf der R\u00fcckwand. Sie sorgen vor dem Eindecken auf dem Dach f\u00fcr einen sicher stehenden Ziegelstapel trotz des schr\u00e4gen Untergrunds.<\/p>\n<p>Eine andere Besonderheit stellt die flache Wasserableitung im Kopfbereich \u00fcber dem Deckfalz dar (rechts oben). Dort wurde auf kleinem Raum eine effektive Barriere f\u00fcr eventuell eindringendes Wasser geschaffen. Nebeneinander liegende Ziegel &#8222;umarmen&#8220; sich jeweils mit der R\u00fcckwand und sichern diesen Teil der Verfalzung zus\u00e4tzlich ab.<\/p>\n<p>Die Gestaltung des Ziegels, wie auch die gesamte Wirkung der Dachfl\u00e4che, entsprechen einer modernen Architektur, die sich durch klare, grafisch gegliederte Bauk\u00f6rper, fein abgestimmte Proportionen und eine hohe Detailqualit\u00e4t auszeichnet.<\/p>\n<p>Award:<br>iF Design Award 2023<\/p>\n<p>Hersteller:<br><a href=\"https:\/\/www.erlus.com\/levelrs\" target=\"_blank\" rel=\"noopener\">https:\/\/www.erlus.com\/levelrs<\/a><\/p>\t\t\t\t\t\t\t\t<\/div>\n\t\t\t\t<\/div>\n\t\t\t\t\t<\/div>\n\t\t<\/div>\n\t\t\t\t<div class=\"elementor-column elementor-col-50 elementor-top-column elementor-element elementor-element-69933cca\" data-id=\"69933cca\" data-element_type=\"column\" data-e-type=\"column\">\n\t\t\t<div class=\"elementor-widget-wrap elementor-element-populated\">\n\t\t\t\t\t\t<div class=\"elementor-element elementor-element-b38a01e elementor-widget elementor-widget-gallery\" data-id=\"b38a01e\" data-element_type=\"widget\" data-e-type=\"widget\" data-settings=\"{&quot;columns&quot;:2,&quot;gallery_layout&quot;:&quot;masonry&quot;,&quot;lazyload&quot;:&quot;yes&quot;,&quot;columns_tablet&quot;:2,&quot;columns_mobile&quot;:1,&quot;gap&quot;:{&quot;unit&quot;:&quot;px&quot;,&quot;size&quot;:10,&quot;sizes&quot;:[]},&quot;gap_tablet&quot;:{&quot;unit&quot;:&quot;px&quot;,&quot;size&quot;:10,&quot;sizes&quot;:[]},&quot;gap_mobile&quot;:{&quot;unit&quot;:&quot;px&quot;,&quot;size&quot;:10,&quot;sizes&quot;:[]},&quot;link_to&quot;:&quot;file&quot;,&quot;overlay_background&quot;:&quot;yes&quot;,&quot;content_hover_animation&quot;:&quot;fade-in&quot;}\" data-widget_type=\"gallery.default\">\n\t\t\t\t<div class=\"elementor-widget-container\">\n\t\t\t\t\t\t\t<div class=\"elementor-gallery__container\">\n\t\t\t\t\t\t\t<a class=\"e-gallery-item elementor-gallery-item elementor-animated-content\" href=\"https:\/\/www.speziell.net\/beta\/wp-content\/uploads\/2025\/03\/2019_Erlus_LEVEL_RS_by_speziell_Draufsicht-1.jpg\" data-elementor-open-lightbox=\"yes\" data-elementor-lightbox-slideshow=\"b38a01e\" data-elementor-lightbox-title=\"2019_Erlus_LEVEL_RS_by_speziell_Draufsicht\" data-elementor-lightbox-description=\"Erlus: Level RS by Designstudio speziell\u00ae \u2013 Ansicht des puristisch gestalteten Ziegels\" data-e-action-hash=\"#elementor-action%3Aaction%3Dlightbox%26settings%3DeyJpZCI6NTY2MywidXJsIjoiaHR0cHM6XC9cL3d3dy5zcGV6aWVsbC5uZXRcL2JldGFcL3dwLWNvbnRlbnRcL3VwbG9hZHNcLzIwMjVcLzAzXC8yMDE5X0VybHVzX0xFVkVMX1JTX2J5X3NwZXppZWxsX0RyYXVmc2ljaHQtMS5qcGciLCJzbGlkZXNob3ciOiJiMzhhMDFlIn0%3D\">\n\t\t\t\t\t<div class=\"e-gallery-image elementor-gallery-item__image\" data-thumbnail=\"https:\/\/www.speziell.net\/beta\/wp-content\/uploads\/2025\/03\/2019_Erlus_LEVEL_RS_by_speziell_Draufsicht-1-768x768.jpg\" data-width=\"768\" data-height=\"768\" aria-label=\"Erlus: Level RS by Designstudio speziell\u00ae \u2013 Ansicht des puristisch gestalteten Ziegels\" role=\"img\" ><\/div>\n\t\t\t\t\t\t\t\t\t\t\t<div class=\"elementor-gallery-item__overlay\"><\/div>\n\t\t\t\t\t\t\t\t\t\t\t\t\t\t<\/a>\n\t\t\t\t\t\t\t<a class=\"e-gallery-item elementor-gallery-item elementor-animated-content\" href=\"https:\/\/www.speziell.net\/beta\/wp-content\/uploads\/2023\/03\/2019_Erlus_LEVEL_RS_by_speziell_Verlegen_Verband.jpg\" data-elementor-open-lightbox=\"yes\" data-elementor-lightbox-slideshow=\"b38a01e\" data-elementor-lightbox-title=\"2019_Erlus_LEVEL_RS_by_speziell_Verlegen_Verband\" data-elementor-lightbox-description=\"Erlus: Level RS by Designstudio speziell\u00ae \u2013 Verlegt im Verband\" data-e-action-hash=\"#elementor-action%3Aaction%3Dlightbox%26settings%3DeyJpZCI6MzAxNSwidXJsIjoiaHR0cHM6XC9cL3d3dy5zcGV6aWVsbC5uZXRcL2JldGFcL3dwLWNvbnRlbnRcL3VwbG9hZHNcLzIwMjNcLzAzXC8yMDE5X0VybHVzX0xFVkVMX1JTX2J5X3NwZXppZWxsX1ZlcmxlZ2VuX1ZlcmJhbmQuanBnIiwic2xpZGVzaG93IjoiYjM4YTAxZSJ9\">\n\t\t\t\t\t<div class=\"e-gallery-image elementor-gallery-item__image\" data-thumbnail=\"https:\/\/www.speziell.net\/beta\/wp-content\/uploads\/2023\/03\/2019_Erlus_LEVEL_RS_by_speziell_Verlegen_Verband-768x512.jpg\" data-width=\"768\" data-height=\"512\" aria-label=\"Erlus: Level RS by Designstudio speziell\u00ae \u2013 Verlegt im Verband\" role=\"img\" ><\/div>\n\t\t\t\t\t\t\t\t\t\t\t<div class=\"elementor-gallery-item__overlay\"><\/div>\n\t\t\t\t\t\t\t\t\t\t\t\t\t\t<\/a>\n\t\t\t\t\t\t\t<a class=\"e-gallery-item elementor-gallery-item elementor-animated-content\" href=\"https:\/\/www.speziell.net\/beta\/wp-content\/uploads\/2023\/03\/2019_Erlus_LEVEL_RS_by_speziell_Verlegen_parallel.jpg\" data-elementor-open-lightbox=\"yes\" data-elementor-lightbox-slideshow=\"b38a01e\" data-elementor-lightbox-title=\"2019_Erlus_LEVEL_RS_by_speziell_Verlegen_parallel\" data-elementor-lightbox-description=\"Erlus: Level RS by Designstudio speziell\u00ae \u2013 Verlegt in Reihe\" data-e-action-hash=\"#elementor-action%3Aaction%3Dlightbox%26settings%3DeyJpZCI6MzAxNCwidXJsIjoiaHR0cHM6XC9cL3d3dy5zcGV6aWVsbC5uZXRcL2JldGFcL3dwLWNvbnRlbnRcL3VwbG9hZHNcLzIwMjNcLzAzXC8yMDE5X0VybHVzX0xFVkVMX1JTX2J5X3NwZXppZWxsX1ZlcmxlZ2VuX3BhcmFsbGVsLmpwZyIsInNsaWRlc2hvdyI6ImIzOGEwMWUifQ%3D%3D\">\n\t\t\t\t\t<div class=\"e-gallery-image elementor-gallery-item__image\" data-thumbnail=\"https:\/\/www.speziell.net\/beta\/wp-content\/uploads\/2023\/03\/2019_Erlus_LEVEL_RS_by_speziell_Verlegen_parallel-768x512.jpg\" data-width=\"768\" data-height=\"512\" aria-label=\"Erlus: Level RS by Designstudio speziell\u00ae \u2013 Verlegt in Reihe\" role=\"img\" ><\/div>\n\t\t\t\t\t\t\t\t\t\t\t<div class=\"elementor-gallery-item__overlay\"><\/div>\n\t\t\t\t\t\t\t\t\t\t\t\t\t\t<\/a>\n\t\t\t\t\t\t\t<a class=\"e-gallery-item elementor-gallery-item elementor-animated-content\" href=\"https:\/\/www.speziell.net\/beta\/wp-content\/uploads\/2023\/02\/2019_Erlus_LEVEL_RS_by_speziell_OF_UF.jpg\" data-elementor-open-lightbox=\"yes\" data-elementor-lightbox-slideshow=\"b38a01e\" data-elementor-lightbox-title=\"2019_Erlus_LEVEL_RS_by_speziell_OF_UF\" data-e-action-hash=\"#elementor-action%3Aaction%3Dlightbox%26settings%3DeyJpZCI6OTcxLCJ1cmwiOiJodHRwczpcL1wvd3d3LnNwZXppZWxsLm5ldFwvYmV0YVwvd3AtY29udGVudFwvdXBsb2Fkc1wvMjAyM1wvMDJcLzIwMTlfRXJsdXNfTEVWRUxfUlNfYnlfc3BlemllbGxfT0ZfVUYuanBnIiwic2xpZGVzaG93IjoiYjM4YTAxZSJ9\">\n\t\t\t\t\t<div class=\"e-gallery-image elementor-gallery-item__image\" data-thumbnail=\"https:\/\/www.speziell.net\/beta\/wp-content\/uploads\/2023\/02\/2019_Erlus_LEVEL_RS_by_speziell_OF_UF-768x768.jpg\" data-width=\"768\" data-height=\"768\" aria-label=\"Erlus: Level RS by Designstudio speziell\u00ae \u2013 Oberform und Unterform\" role=\"img\" ><\/div>\n\t\t\t\t\t\t\t\t\t\t\t<div class=\"elementor-gallery-item__overlay\"><\/div>\n\t\t\t\t\t\t\t\t\t\t\t\t\t\t<\/a>\n\t\t\t\t\t\t\t<a class=\"e-gallery-item elementor-gallery-item elementor-animated-content\" href=\"https:\/\/www.speziell.net\/beta\/wp-content\/uploads\/2023\/02\/2019_Erlus_LEVEL_RS_by_speziell_Detail_Verfalzung.jpg\" data-elementor-open-lightbox=\"yes\" data-elementor-lightbox-slideshow=\"b38a01e\" data-elementor-lightbox-title=\"2019_Erlus_LEVEL_RS_by_speziell_Detail_Verfalzung\" data-elementor-lightbox-description=\"Erlus: Level RS by Designstudio speziell\u00ae \u2013 Visualisierung grafisch gestaltete Stege\" data-e-action-hash=\"#elementor-action%3Aaction%3Dlightbox%26settings%3DeyJpZCI6OTY5LCJ1cmwiOiJodHRwczpcL1wvd3d3LnNwZXppZWxsLm5ldFwvYmV0YVwvd3AtY29udGVudFwvdXBsb2Fkc1wvMjAyM1wvMDJcLzIwMTlfRXJsdXNfTEVWRUxfUlNfYnlfc3BlemllbGxfRGV0YWlsX1ZlcmZhbHp1bmcuanBnIiwic2xpZGVzaG93IjoiYjM4YTAxZSJ9\">\n\t\t\t\t\t<div class=\"e-gallery-image elementor-gallery-item__image\" data-thumbnail=\"https:\/\/www.speziell.net\/beta\/wp-content\/uploads\/2023\/02\/2019_Erlus_LEVEL_RS_by_speziell_Detail_Verfalzung-768x768.jpg\" data-width=\"768\" data-height=\"768\" aria-label=\"Erlus: Level RS by Designstudio speziell\u00ae \u2013 Visualisierung grafisch gestaltete Stege\" role=\"img\" ><\/div>\n\t\t\t\t\t\t\t\t\t\t\t<div class=\"elementor-gallery-item__overlay\"><\/div>\n\t\t\t\t\t\t\t\t\t\t\t\t\t\t<\/a>\n\t\t\t\t\t\t\t<a class=\"e-gallery-item elementor-gallery-item elementor-animated-content\" href=\"https:\/\/www.speziell.net\/beta\/wp-content\/uploads\/2023\/02\/2019_Erlus_LEVEL_RS_by_speziell_Detail_Sturmklammer.jpg\" data-elementor-open-lightbox=\"yes\" data-elementor-lightbox-slideshow=\"b38a01e\" data-elementor-lightbox-title=\"2019_Erlus_LEVEL_RS_by_speziell_Detail_Sturmklammer\" data-elementor-lightbox-description=\"Erlus: Level RS by Designstudio speziell\u00ae \u2013 Visualisierung Blutrinne\" data-e-action-hash=\"#elementor-action%3Aaction%3Dlightbox%26settings%3DeyJpZCI6OTY4LCJ1cmwiOiJodHRwczpcL1wvd3d3LnNwZXppZWxsLm5ldFwvYmV0YVwvd3AtY29udGVudFwvdXBsb2Fkc1wvMjAyM1wvMDJcLzIwMTlfRXJsdXNfTEVWRUxfUlNfYnlfc3BlemllbGxfRGV0YWlsX1N0dXJta2xhbW1lci5qcGciLCJzbGlkZXNob3ciOiJiMzhhMDFlIn0%3D\">\n\t\t\t\t\t<div class=\"e-gallery-image elementor-gallery-item__image\" data-thumbnail=\"https:\/\/www.speziell.net\/beta\/wp-content\/uploads\/2023\/02\/2019_Erlus_LEVEL_RS_by_speziell_Detail_Sturmklammer-768x768.jpg\" data-width=\"768\" data-height=\"768\" aria-label=\"Erlus: Level RS by Designstudio speziell\u00ae \u2013 Visualisierung Blutrinne\" role=\"img\" ><\/div>\n\t\t\t\t\t\t\t\t\t\t\t<div class=\"elementor-gallery-item__overlay\"><\/div>\n\t\t\t\t\t\t\t\t\t\t\t\t\t\t<\/a>\n\t\t\t\t\t\t\t<a class=\"e-gallery-item elementor-gallery-item elementor-animated-content\" href=\"https:\/\/www.speziell.net\/beta\/wp-content\/uploads\/2023\/02\/2019_Erlus_LEVEL_RS_by_speziell_Detail_Kopffalz.jpg\" data-elementor-open-lightbox=\"yes\" data-elementor-lightbox-slideshow=\"b38a01e\" data-elementor-lightbox-title=\"2019_Erlus_LEVEL_RS_by_speziell_Detail_Kopffalz\" data-elementor-lightbox-description=\"Erlus: Level RS by Designstudio speziell\u00ae \u2013 Visualisierung Kopffalz\" data-e-action-hash=\"#elementor-action%3Aaction%3Dlightbox%26settings%3DeyJpZCI6OTY3LCJ1cmwiOiJodHRwczpcL1wvd3d3LnNwZXppZWxsLm5ldFwvYmV0YVwvd3AtY29udGVudFwvdXBsb2Fkc1wvMjAyM1wvMDJcLzIwMTlfRXJsdXNfTEVWRUxfUlNfYnlfc3BlemllbGxfRGV0YWlsX0tvcGZmYWx6LmpwZyIsInNsaWRlc2hvdyI6ImIzOGEwMWUifQ%3D%3D\">\n\t\t\t\t\t<div class=\"e-gallery-image elementor-gallery-item__image\" data-thumbnail=\"https:\/\/www.speziell.net\/beta\/wp-content\/uploads\/2023\/02\/2019_Erlus_LEVEL_RS_by_speziell_Detail_Kopffalz-768x768.jpg\" data-width=\"768\" data-height=\"768\" aria-label=\"Erlus: Level RS by Designstudio speziell\u00ae \u2013 Visualisierung Kopffalz\" role=\"img\" ><\/div>\n\t\t\t\t\t\t\t\t\t\t\t<div class=\"elementor-gallery-item__overlay\"><\/div>\n\t\t\t\t\t\t\t\t\t\t\t\t\t\t<\/a>\n\t\t\t\t\t\t\t<a class=\"e-gallery-item elementor-gallery-item elementor-animated-content\" href=\"https:\/\/www.speziell.net\/beta\/wp-content\/uploads\/2023\/02\/2019_Erlus_LEVEL_RS_by_speziell_Stapelnasen.jpg\" data-elementor-open-lightbox=\"yes\" data-elementor-lightbox-slideshow=\"b38a01e\" data-elementor-lightbox-title=\"2019_Erlus_LEVEL_RS_by_speziell_Stapelnasen\" data-elementor-lightbox-description=\"Erlus: Level RS by Designstudio speziell\u00ae \u2013 Visualisierung der Stapelnasen\" data-e-action-hash=\"#elementor-action%3Aaction%3Dlightbox%26settings%3DeyJpZCI6OTczLCJ1cmwiOiJodHRwczpcL1wvd3d3LnNwZXppZWxsLm5ldFwvYmV0YVwvd3AtY29udGVudFwvdXBsb2Fkc1wvMjAyM1wvMDJcLzIwMTlfRXJsdXNfTEVWRUxfUlNfYnlfc3BlemllbGxfU3RhcGVsbmFzZW4uanBnIiwic2xpZGVzaG93IjoiYjM4YTAxZSJ9\">\n\t\t\t\t\t<div class=\"e-gallery-image elementor-gallery-item__image\" data-thumbnail=\"https:\/\/www.speziell.net\/beta\/wp-content\/uploads\/2023\/02\/2019_Erlus_LEVEL_RS_by_speziell_Stapelnasen-768x768.jpg\" data-width=\"768\" data-height=\"768\" aria-label=\"Erlus: Level RS by Designstudio speziell\u00ae \u2013 Visualisierung der Stapelnasen\" role=\"img\" ><\/div>\n\t\t\t\t\t\t\t\t\t\t\t<div class=\"elementor-gallery-item__overlay\"><\/div>\n\t\t\t\t\t\t\t\t\t\t\t\t\t\t<\/a>\n\t\t\t\t\t\t\t<a class=\"e-gallery-item elementor-gallery-item elementor-animated-content\" href=\"https:\/\/www.speziell.net\/beta\/wp-content\/uploads\/2023\/02\/2019_Erlus_LEVEL_RS_by_speziell_Stapel.jpg\" data-elementor-open-lightbox=\"yes\" data-elementor-lightbox-slideshow=\"b38a01e\" data-elementor-lightbox-title=\"2019_Erlus_LEVEL_RS_by_speziell_Stapel\" data-elementor-lightbox-description=\"Erlus: Level RS by Designstudio speziell\u00ae \u2013 Ansicht des Stapels mit einem Erlus touch1-Becher\" data-e-action-hash=\"#elementor-action%3Aaction%3Dlightbox%26settings%3DeyJpZCI6OTcyLCJ1cmwiOiJodHRwczpcL1wvd3d3LnNwZXppZWxsLm5ldFwvYmV0YVwvd3AtY29udGVudFwvdXBsb2Fkc1wvMjAyM1wvMDJcLzIwMTlfRXJsdXNfTEVWRUxfUlNfYnlfc3BlemllbGxfU3RhcGVsLmpwZyIsInNsaWRlc2hvdyI6ImIzOGEwMWUifQ%3D%3D\">\n\t\t\t\t\t<div class=\"e-gallery-image elementor-gallery-item__image\" data-thumbnail=\"https:\/\/www.speziell.net\/beta\/wp-content\/uploads\/2023\/02\/2019_Erlus_LEVEL_RS_by_speziell_Stapel-768x768.jpg\" data-width=\"768\" data-height=\"768\" aria-label=\"Erlus: Level RS by Designstudio speziell\u00ae \u2013 Ansicht des Stapels mit einem Erlus touch1-Becher\" role=\"img\" ><\/div>\n\t\t\t\t\t\t\t\t\t\t\t<div class=\"elementor-gallery-item__overlay\"><\/div>\n\t\t\t\t\t\t\t\t\t\t\t\t\t\t<\/a>\n\t\t\t\t\t<\/div>\n\t\t\t\t\t<\/div>\n\t\t\t\t<\/div>\n\t\t\t\t\t<\/div>\n\t\t<\/div>\n\t\t\t\t\t<\/div>\n\t\t<\/section>\n\t\t\t\t<\/div>\n\t\t","protected":false},"excerpt":{"rendered":"<p>ERLUS: LEVEL RS Eine puristische Formensprache f\u00fcr flach geneigte D\u00e4cher \u2013 glatt, kantig, regensicher ab 10\u00b0 Dachneigung Der Dachziegel LEVEL RS\u00ae ist bereits unser zweiter Spezialist f\u00fcr flach geneigte D\u00e4cher, den wir f\u00fcr die Erlus AG entwickelt haben. Auffallend ist seine klare kantige Sichtfl\u00e4che mit geraden Abschlusskanten. Diese Attribute sorgen f\u00fcr minimalistische, glatt aussehende Dachfl\u00e4chen. [&hellip;]<\/p>\n","protected":false},"author":1,"featured_media":5663,"parent":9,"menu_order":0,"comment_status":"closed","ping_status":"closed","template":"","meta":{"footnotes":""},"class_list":["post-629","page","type-page","status-publish","has-post-thumbnail","hentry"],"_links":{"self":[{"href":"https:\/\/www.speziell.net\/beta\/wp-json\/wp\/v2\/pages\/629","targetHints":{"allow":["GET"]}}],"collection":[{"href":"https:\/\/www.speziell.net\/beta\/wp-json\/wp\/v2\/pages"}],"about":[{"href":"https:\/\/www.speziell.net\/beta\/wp-json\/wp\/v2\/types\/page"}],"author":[{"embeddable":true,"href":"https:\/\/www.speziell.net\/beta\/wp-json\/wp\/v2\/users\/1"}],"replies":[{"embeddable":true,"href":"https:\/\/www.speziell.net\/beta\/wp-json\/wp\/v2\/comments?post=629"}],"version-history":[{"count":145,"href":"https:\/\/www.speziell.net\/beta\/wp-json\/wp\/v2\/pages\/629\/revisions"}],"predecessor-version":[{"id":5691,"href":"https:\/\/www.speziell.net\/beta\/wp-json\/wp\/v2\/pages\/629\/revisions\/5691"}],"up":[{"embeddable":true,"href":"https:\/\/www.speziell.net\/beta\/wp-json\/wp\/v2\/pages\/9"}],"wp:featuredmedia":[{"embeddable":true,"href":"https:\/\/www.speziell.net\/beta\/wp-json\/wp\/v2\/media\/5663"}],"wp:attachment":[{"href":"https:\/\/www.speziell.net\/beta\/wp-json\/wp\/v2\/media?parent=629"}],"curies":[{"name":"wp","href":"https:\/\/api.w.org\/{rel}","templated":true}]}}