{"id":687,"date":"2015-02-21T18:38:00","date_gmt":"2015-02-21T17:38:00","guid":{"rendered":"https:\/\/www.speziell.net\/beta\/?page_id=687"},"modified":"2023-11-06T11:40:20","modified_gmt":"2023-11-06T10:40:20","slug":"parasol","status":"publish","type":"page","link":"https:\/\/www.speziell.net\/beta\/home\/parasol\/","title":{"rendered":"PARASOL"},"content":{"rendered":"\t\t<div data-elementor-type=\"wp-page\" data-elementor-id=\"687\" class=\"elementor elementor-687\" data-elementor-post-type=\"page\">\n\t\t\t\t\t\t<section class=\"elementor-section elementor-top-section elementor-element elementor-element-145f801 elementor-section-boxed elementor-section-height-default elementor-section-height-default\" data-id=\"145f801\" data-element_type=\"section\" data-e-type=\"section\">\n\t\t\t\t\t\t<div class=\"elementor-container elementor-column-gap-default\">\n\t\t\t\t\t<div class=\"elementor-column elementor-col-100 elementor-top-column elementor-element elementor-element-4727493b\" data-id=\"4727493b\" data-element_type=\"column\" data-e-type=\"column\">\n\t\t\t<div class=\"elementor-widget-wrap elementor-element-populated\">\n\t\t\t\t\t\t<div class=\"elementor-element elementor-element-517cf38c elementor-hidden-mobile elementor-hidden-tablet elementor-widget elementor-widget-image\" data-id=\"517cf38c\" data-element_type=\"widget\" data-e-type=\"widget\" data-widget_type=\"image.default\">\n\t\t\t\t<div class=\"elementor-widget-container\">\n\t\t\t\t\t\t\t\t\t\t\t\t\t\t\t\t<a href=\"https:\/\/www.speziell.net\/beta\/home\/\">\n\t\t\t\t\t\t\t<img decoding=\"async\" width=\"100\" height=\"100\" src=\"https:\/\/www.speziell.net\/beta\/wp-content\/uploads\/2023\/02\/speziell_logo_grau-1.svg\" class=\"attachment-large size-large wp-image-731\" alt=\"Designstudio speziell\u00ae \u2013 Fleckenstein Pohlmann Schwer GbR\" \/>\t\t\t\t\t\t\t\t<\/a>\n\t\t\t\t\t\t\t\t\t\t\t\t\t\t\t<\/div>\n\t\t\t\t<\/div>\n\t\t\t\t<div class=\"elementor-element elementor-element-17ef6f3d elementor-hidden-desktop elementor-widget elementor-widget-image\" data-id=\"17ef6f3d\" data-element_type=\"widget\" data-e-type=\"widget\" data-widget_type=\"image.default\">\n\t\t\t\t<div class=\"elementor-widget-container\">\n\t\t\t\t\t\t\t\t\t\t\t\t\t\t\t\t<a href=\"https:\/\/www.speziell.net\/beta\/home\/\">\n\t\t\t\t\t\t\t<img decoding=\"async\" width=\"100\" height=\"100\" src=\"https:\/\/www.speziell.net\/beta\/wp-content\/uploads\/2023\/03\/speziell_logo_oSubline.svg\" class=\"attachment-large size-large wp-image-2739\" alt=\"\" \/>\t\t\t\t\t\t\t\t<\/a>\n\t\t\t\t\t\t\t\t\t\t\t\t\t\t\t<\/div>\n\t\t\t\t<\/div>\n\t\t\t\t\t<\/div>\n\t\t<\/div>\n\t\t\t\t\t<\/div>\n\t\t<\/section>\n\t\t\t\t<section class=\"elementor-section elementor-top-section elementor-element elementor-element-6bb3182b elementor-section-boxed elementor-section-height-default elementor-section-height-default\" data-id=\"6bb3182b\" data-element_type=\"section\" data-e-type=\"section\">\n\t\t\t\t\t\t<div class=\"elementor-container elementor-column-gap-default\">\n\t\t\t\t\t<div class=\"elementor-column elementor-col-50 elementor-top-column elementor-element elementor-element-44f5e9d2\" data-id=\"44f5e9d2\" data-element_type=\"column\" data-e-type=\"column\">\n\t\t\t<div class=\"elementor-widget-wrap elementor-element-populated\">\n\t\t\t\t\t\t<div class=\"elementor-element elementor-element-1ee344a0 elementor-widget elementor-widget-heading\" data-id=\"1ee344a0\" data-element_type=\"widget\" data-e-type=\"widget\" data-widget_type=\"heading.default\">\n\t\t\t\t<div class=\"elementor-widget-container\">\n\t\t\t\t\t<h2 class=\"elementor-heading-title elementor-size-default\">PULPO: PARASOL<\/h2>\t\t\t\t<\/div>\n\t\t\t\t<\/div>\n\t\t\t\t<div class=\"elementor-element elementor-element-5dce9d12 elementor-widget elementor-widget-text-editor\" data-id=\"5dce9d12\" data-element_type=\"widget\" data-e-type=\"widget\" data-widget_type=\"text-editor.default\">\n\t\t\t\t<div class=\"elementor-widget-container\">\n\t\t\t\t\t\t\t\t\t<p>Tisch und Vase<\/p>\t\t\t\t\t\t\t\t<\/div>\n\t\t\t\t<\/div>\n\t\t\t\t<div class=\"elementor-element elementor-element-537a5e83 elementor-widget elementor-widget-text-editor\" data-id=\"537a5e83\" data-element_type=\"widget\" data-e-type=\"widget\" data-widget_type=\"text-editor.default\">\n\t\t\t\t<div class=\"elementor-widget-container\">\n\t\t\t\t\t\t\t\t\t<p>Die Form des Beistelltischchens erinnert an einen sch\u00f6n gewachsenen schlanken Pilz. Als Solist oder in Gruppen bereitet PARASOL Kostbarkeiten des Alltags eine kleine B\u00fchne oder dient als n\u00fctzliche Ablage neben dem Sofa.<\/p><p>Nimmt man die runde Porzellanplatte vom auskragenden Rand des Sockels und platziert sie darunter, wird das Duo zu einer Bodenvase mit Untersetzer. Im eleganten Gef\u00e4\u00df lassen sich gr\u00f6\u00dfere Zweige und Blumen stimmungsvoll pr\u00e4sentieren. Eine gummiartige Spezialbeschichtung auf der Unterseite von Platte und Vase verhindert das Verkratzen wertvoller B\u00f6den, Sideboards oder Tische.<\/p><p>Hersteller:<br \/><a href=\"https:\/\/www.pulpoproducts.com\/\">https:\/\/www.pulpoproducts.com\/<\/a><\/p>\t\t\t\t\t\t\t\t<\/div>\n\t\t\t\t<\/div>\n\t\t\t\t\t<\/div>\n\t\t<\/div>\n\t\t\t\t<div class=\"elementor-column elementor-col-50 elementor-top-column elementor-element elementor-element-51d10f32\" data-id=\"51d10f32\" data-element_type=\"column\" data-e-type=\"column\">\n\t\t\t<div class=\"elementor-widget-wrap elementor-element-populated\">\n\t\t\t\t\t\t<div class=\"elementor-element elementor-element-6d82d05 elementor-widget elementor-widget-gallery\" data-id=\"6d82d05\" data-element_type=\"widget\" data-e-type=\"widget\" data-settings=\"{&quot;columns&quot;:2,&quot;gallery_layout&quot;:&quot;masonry&quot;,&quot;lazyload&quot;:&quot;yes&quot;,&quot;columns_tablet&quot;:2,&quot;columns_mobile&quot;:1,&quot;gap&quot;:{&quot;unit&quot;:&quot;px&quot;,&quot;size&quot;:10,&quot;sizes&quot;:[]},&quot;gap_tablet&quot;:{&quot;unit&quot;:&quot;px&quot;,&quot;size&quot;:10,&quot;sizes&quot;:[]},&quot;gap_mobile&quot;:{&quot;unit&quot;:&quot;px&quot;,&quot;size&quot;:10,&quot;sizes&quot;:[]},&quot;link_to&quot;:&quot;file&quot;,&quot;overlay_background&quot;:&quot;yes&quot;,&quot;content_hover_animation&quot;:&quot;fade-in&quot;}\" data-widget_type=\"gallery.default\">\n\t\t\t\t<div class=\"elementor-widget-container\">\n\t\t\t\t\t\t\t<div class=\"elementor-gallery__container\">\n\t\t\t\t\t\t\t<a class=\"e-gallery-item elementor-gallery-item elementor-animated-content\" href=\"https:\/\/www.speziell.net\/beta\/wp-content\/uploads\/2023\/02\/2015_Pulpo_PARASOL_by_speziell_Zweig_Teller_platin.jpg\" data-elementor-open-lightbox=\"yes\" data-elementor-lightbox-slideshow=\"6d82d05\" data-elementor-lightbox-title=\"2015_Pulpo_PARASOL_by_speziell_Zweig_Teller_platin\" data-elementor-lightbox-description=\"Pulpo: Parasol by Designstudio speziell\u00ae \u2013 wei\u00df und marmoriert in Kombination mit platinfarbenem Aufsatz-Teller\" data-e-action-hash=\"#elementor-action%3Aaction%3Dlightbox%26settings%3DeyJpZCI6ODY2LCJ1cmwiOiJodHRwczpcL1wvd3d3LnNwZXppZWxsLm5ldFwvYmV0YVwvd3AtY29udGVudFwvdXBsb2Fkc1wvMjAyM1wvMDJcLzIwMTVfUHVscG9fUEFSQVNPTF9ieV9zcGV6aWVsbF9ad2VpZ19UZWxsZXJfcGxhdGluLmpwZyIsInNsaWRlc2hvdyI6IjZkODJkMDUifQ%3D%3D\">\n\t\t\t\t\t<div class=\"e-gallery-image elementor-gallery-item__image\" data-thumbnail=\"https:\/\/www.speziell.net\/beta\/wp-content\/uploads\/2023\/02\/2015_Pulpo_PARASOL_by_speziell_Zweig_Teller_platin-1024x683.jpg\" data-width=\"800\" data-height=\"534\" aria-label=\"Pulpo: Parasol by Designstudio speziell\u00ae \u2013 wei\u00df und marmoriert in Kombination mit platinfarbenem Aufsatz-Teller\" role=\"img\" ><\/div>\n\t\t\t\t\t\t\t\t\t\t\t<div class=\"elementor-gallery-item__overlay\"><\/div>\n\t\t\t\t\t\t\t\t\t\t\t\t\t\t<\/a>\n\t\t\t\t\t\t\t<a class=\"e-gallery-item elementor-gallery-item elementor-animated-content\" href=\"https:\/\/www.speziell.net\/beta\/wp-content\/uploads\/2023\/02\/2015_Pulpo_PARASOL_by_speziell_Reihe_Mischungen.jpg\" data-elementor-open-lightbox=\"yes\" data-elementor-lightbox-slideshow=\"6d82d05\" data-elementor-lightbox-title=\"2015_Pulpo_PARASOL_by_speziell_Reihe_Mischungen\" data-elementor-lightbox-description=\"Pulpo: Parasol by Designstudio speziell\u00ae \u2013 wei\u00dfen und dunkle Porzellanmassen erzeugen Marmorierungen, die sich im Prozess immer weiter vermischen\" data-e-action-hash=\"#elementor-action%3Aaction%3Dlightbox%26settings%3DeyJpZCI6ODYyLCJ1cmwiOiJodHRwczpcL1wvd3d3LnNwZXppZWxsLm5ldFwvYmV0YVwvd3AtY29udGVudFwvdXBsb2Fkc1wvMjAyM1wvMDJcLzIwMTVfUHVscG9fUEFSQVNPTF9ieV9zcGV6aWVsbF9SZWloZV9NaXNjaHVuZ2VuLmpwZyIsInNsaWRlc2hvdyI6IjZkODJkMDUifQ%3D%3D\">\n\t\t\t\t\t<div class=\"e-gallery-image elementor-gallery-item__image\" data-thumbnail=\"https:\/\/www.speziell.net\/beta\/wp-content\/uploads\/2023\/02\/2015_Pulpo_PARASOL_by_speziell_Reihe_Mischungen-1024x683.jpg\" data-width=\"800\" data-height=\"534\" aria-label=\"Pulpo: Parasol by Designstudio speziell\u00ae \u2013 wei\u00dfen und dunkle Porzellanmassen erzeugen Marmorierungen, die sich im Prozess immer weiter vermischen\" role=\"img\" ><\/div>\n\t\t\t\t\t\t\t\t\t\t\t<div class=\"elementor-gallery-item__overlay\"><\/div>\n\t\t\t\t\t\t\t\t\t\t\t\t\t\t<\/a>\n\t\t\t\t\t\t\t<a class=\"e-gallery-item elementor-gallery-item elementor-animated-content\" href=\"https:\/\/www.speziell.net\/beta\/wp-content\/uploads\/2023\/02\/2015_Pulpo_PARASOL_by_speziell_detail.jpg\" data-elementor-open-lightbox=\"yes\" data-elementor-lightbox-slideshow=\"6d82d05\" data-elementor-lightbox-title=\"2015_Pulpo_PARASOL_by_speziell_detail\" data-elementor-lightbox-description=\"Pulpo: Parasol by Designstudio speziell\u00ae \u2013 Detail Marmorierung\" data-e-action-hash=\"#elementor-action%3Aaction%3Dlightbox%26settings%3DeyJpZCI6ODU5LCJ1cmwiOiJodHRwczpcL1wvd3d3LnNwZXppZWxsLm5ldFwvYmV0YVwvd3AtY29udGVudFwvdXBsb2Fkc1wvMjAyM1wvMDJcLzIwMTVfUHVscG9fUEFSQVNPTF9ieV9zcGV6aWVsbF9kZXRhaWwuanBnIiwic2xpZGVzaG93IjoiNmQ4MmQwNSJ9\">\n\t\t\t\t\t<div class=\"e-gallery-image elementor-gallery-item__image\" data-thumbnail=\"https:\/\/www.speziell.net\/beta\/wp-content\/uploads\/2023\/02\/2015_Pulpo_PARASOL_by_speziell_detail-1024x1024.jpg\" data-width=\"800\" data-height=\"800\" aria-label=\"Pulpo: Parasol by Designstudio speziell\u00ae \u2013 Detail Marmorierung\" role=\"img\" ><\/div>\n\t\t\t\t\t\t\t\t\t\t\t<div class=\"elementor-gallery-item__overlay\"><\/div>\n\t\t\t\t\t\t\t\t\t\t\t\t\t\t<\/a>\n\t\t\t\t\t\t\t<a class=\"e-gallery-item elementor-gallery-item elementor-animated-content\" href=\"https:\/\/www.speziell.net\/beta\/wp-content\/uploads\/2023\/02\/2015_Pulpo_PARASOL_by_speziell_Zweig.jpg\" data-elementor-open-lightbox=\"yes\" data-elementor-lightbox-slideshow=\"6d82d05\" data-elementor-lightbox-title=\"2015_Pulpo_PARASOL_by_speziell_Zweig\" data-elementor-lightbox-description=\"Pulpo: Parasol by Designstudio speziell\u00ae \u2013 Unterschiedliche Porzellanmassen im Vergleich\" data-e-action-hash=\"#elementor-action%3Aaction%3Dlightbox%26settings%3DeyJpZCI6ODY1LCJ1cmwiOiJodHRwczpcL1wvd3d3LnNwZXppZWxsLm5ldFwvYmV0YVwvd3AtY29udGVudFwvdXBsb2Fkc1wvMjAyM1wvMDJcLzIwMTVfUHVscG9fUEFSQVNPTF9ieV9zcGV6aWVsbF9ad2VpZy5qcGciLCJzbGlkZXNob3ciOiI2ZDgyZDA1In0%3D\">\n\t\t\t\t\t<div class=\"e-gallery-image elementor-gallery-item__image\" data-thumbnail=\"https:\/\/www.speziell.net\/beta\/wp-content\/uploads\/2023\/02\/2015_Pulpo_PARASOL_by_speziell_Zweig-1024x683.jpg\" data-width=\"800\" data-height=\"534\" aria-label=\"Pulpo: Parasol by Designstudio speziell\u00ae \u2013 Unterschiedliche Porzellanmassen im Vergleich\" role=\"img\" ><\/div>\n\t\t\t\t\t\t\t\t\t\t\t<div class=\"elementor-gallery-item__overlay\"><\/div>\n\t\t\t\t\t\t\t\t\t\t\t\t\t\t<\/a>\n\t\t\t\t\t\t\t<a class=\"e-gallery-item elementor-gallery-item elementor-animated-content\" href=\"https:\/\/www.speziell.net\/beta\/wp-content\/uploads\/2023\/02\/2015_Pulpo_PARASOL_by_speziell_Surface_Structure.jpg\" data-elementor-open-lightbox=\"yes\" data-elementor-lightbox-slideshow=\"6d82d05\" data-elementor-lightbox-title=\"2015_Pulpo_PARASOL_by_speziell_Surface_Structure\" data-elementor-lightbox-description=\"Pulpo: Parasol by Designstudio speziell\u00ae \u2013 Unterschiedliche Porzellanmassen im Vergleich\" data-e-action-hash=\"#elementor-action%3Aaction%3Dlightbox%26settings%3DeyJpZCI6ODYzLCJ1cmwiOiJodHRwczpcL1wvd3d3LnNwZXppZWxsLm5ldFwvYmV0YVwvd3AtY29udGVudFwvdXBsb2Fkc1wvMjAyM1wvMDJcLzIwMTVfUHVscG9fUEFSQVNPTF9ieV9zcGV6aWVsbF9TdXJmYWNlX1N0cnVjdHVyZS5qcGciLCJzbGlkZXNob3ciOiI2ZDgyZDA1In0%3D\">\n\t\t\t\t\t<div class=\"e-gallery-image elementor-gallery-item__image\" data-thumbnail=\"https:\/\/www.speziell.net\/beta\/wp-content\/uploads\/2023\/02\/2015_Pulpo_PARASOL_by_speziell_Surface_Structure-1024x1024.jpg\" data-width=\"800\" data-height=\"800\" aria-label=\"Pulpo: Parasol by Designstudio speziell\u00ae \u2013 Unterschiedliche Porzellanmassen im Vergleich\" role=\"img\" ><\/div>\n\t\t\t\t\t\t\t\t\t\t\t<div class=\"elementor-gallery-item__overlay\"><\/div>\n\t\t\t\t\t\t\t\t\t\t\t\t\t\t<\/a>\n\t\t\t\t\t\t\t<a class=\"e-gallery-item elementor-gallery-item elementor-animated-content\" href=\"https:\/\/www.speziell.net\/beta\/wp-content\/uploads\/2023\/02\/2015_Pulpo_PARASOL_by_speziell_with_Oda_by_Sebastian_Herkner.jpg\" data-elementor-open-lightbox=\"yes\" data-elementor-lightbox-slideshow=\"6d82d05\" data-elementor-lightbox-title=\"2015_Pulpo_PARASOL_by_speziell_with_Oda_by_Sebastian_Herkner\" data-elementor-lightbox-description=\"Pulpo: Parasol by Designstudio speziell\u00ae \u2013 in Kombination mit Oda von Sebastian Herkner\" data-e-action-hash=\"#elementor-action%3Aaction%3Dlightbox%26settings%3DeyJpZCI6ODY0LCJ1cmwiOiJodHRwczpcL1wvd3d3LnNwZXppZWxsLm5ldFwvYmV0YVwvd3AtY29udGVudFwvdXBsb2Fkc1wvMjAyM1wvMDJcLzIwMTVfUHVscG9fUEFSQVNPTF9ieV9zcGV6aWVsbF93aXRoX09kYV9ieV9TZWJhc3RpYW5fSGVya25lci5qcGciLCJzbGlkZXNob3ciOiI2ZDgyZDA1In0%3D\">\n\t\t\t\t\t<div class=\"e-gallery-image elementor-gallery-item__image\" data-thumbnail=\"https:\/\/www.speziell.net\/beta\/wp-content\/uploads\/2023\/02\/2015_Pulpo_PARASOL_by_speziell_with_Oda_by_Sebastian_Herkner-683x1024.jpg\" data-width=\"683\" data-height=\"1024\" aria-label=\"Pulpo: Parasol by Designstudio speziell\u00ae \u2013 in Kombination mit Oda von Sebastian Herkner\" role=\"img\" ><\/div>\n\t\t\t\t\t\t\t\t\t\t\t<div class=\"elementor-gallery-item__overlay\"><\/div>\n\t\t\t\t\t\t\t\t\t\t\t\t\t\t<\/a>\n\t\t\t\t\t\t\t<a class=\"e-gallery-item elementor-gallery-item elementor-animated-content\" href=\"https:\/\/www.speziell.net\/beta\/wp-content\/uploads\/2023\/02\/2015_Pulpo_PARASOL_by_speziell_Messestand_Milano.jpg\" data-elementor-open-lightbox=\"yes\" data-elementor-lightbox-slideshow=\"6d82d05\" data-elementor-lightbox-title=\"2015_Pulpo_PARASOL_by_speziell_Messestand_Milano\" data-elementor-lightbox-description=\"Pulpo: Parasol by Designstudio speziell\u00ae \u2013 Unterschiedliche Porzellanmassen im Vergleich auf dem Pulpo Messestand in Mailand\" data-e-action-hash=\"#elementor-action%3Aaction%3Dlightbox%26settings%3DeyJpZCI6ODYwLCJ1cmwiOiJodHRwczpcL1wvd3d3LnNwZXppZWxsLm5ldFwvYmV0YVwvd3AtY29udGVudFwvdXBsb2Fkc1wvMjAyM1wvMDJcLzIwMTVfUHVscG9fUEFSQVNPTF9ieV9zcGV6aWVsbF9NZXNzZXN0YW5kX01pbGFuby5qcGciLCJzbGlkZXNob3ciOiI2ZDgyZDA1In0%3D\">\n\t\t\t\t\t<div class=\"e-gallery-image elementor-gallery-item__image\" data-thumbnail=\"https:\/\/www.speziell.net\/beta\/wp-content\/uploads\/2023\/02\/2015_Pulpo_PARASOL_by_speziell_Messestand_Milano-1024x683.jpg\" data-width=\"800\" data-height=\"534\" aria-label=\"Pulpo: Parasol by Designstudio speziell\u00ae \u2013 Unterschiedliche Porzellanmassen im Vergleich auf dem Pulpo Messestand in Mailand\" role=\"img\" ><\/div>\n\t\t\t\t\t\t\t\t\t\t\t<div class=\"elementor-gallery-item__overlay\"><\/div>\n\t\t\t\t\t\t\t\t\t\t\t\t\t\t<\/a>\n\t\t\t\t\t\t\t<a class=\"e-gallery-item elementor-gallery-item elementor-animated-content\" href=\"https:\/\/www.speziell.net\/beta\/wp-content\/uploads\/2023\/02\/2015_Pulpo_PARASOL_by_speziell_Pepper_Salt.jpg\" data-elementor-open-lightbox=\"yes\" data-elementor-lightbox-slideshow=\"6d82d05\" data-elementor-lightbox-title=\"2015_Pulpo_PARASOL_by_speziell_Pepper_Salt\" data-elementor-lightbox-description=\"Pulpo: Parasol by Designstudio speziell\u00ae \u2013 Pigmente erzeugen in der wei\u00dfen Porzellanmassen einen markanten Effekt\" data-e-action-hash=\"#elementor-action%3Aaction%3Dlightbox%26settings%3DeyJpZCI6ODYxLCJ1cmwiOiJodHRwczpcL1wvd3d3LnNwZXppZWxsLm5ldFwvYmV0YVwvd3AtY29udGVudFwvdXBsb2Fkc1wvMjAyM1wvMDJcLzIwMTVfUHVscG9fUEFSQVNPTF9ieV9zcGV6aWVsbF9QZXBwZXJfU2FsdC5qcGciLCJzbGlkZXNob3ciOiI2ZDgyZDA1In0%3D\">\n\t\t\t\t\t<div class=\"e-gallery-image elementor-gallery-item__image\" data-thumbnail=\"https:\/\/www.speziell.net\/beta\/wp-content\/uploads\/2023\/02\/2015_Pulpo_PARASOL_by_speziell_Pepper_Salt-1024x1024.jpg\" data-width=\"800\" data-height=\"800\" aria-label=\"Pulpo: Parasol by Designstudio speziell\u00ae \u2013 Pigmente erzeugen in der wei\u00dfen Porzellanmassen einen markanten Effekt\" role=\"img\" ><\/div>\n\t\t\t\t\t\t\t\t\t\t\t<div class=\"elementor-gallery-item__overlay\"><\/div>\n\t\t\t\t\t\t\t\t\t\t\t\t\t\t<\/a>\n\t\t\t\t\t<\/div>\n\t\t\t\t\t<\/div>\n\t\t\t\t<\/div>\n\t\t\t\t\t<\/div>\n\t\t<\/div>\n\t\t\t\t\t<\/div>\n\t\t<\/section>\n\t\t\t\t<\/div>\n\t\t","protected":false},"excerpt":{"rendered":"<p>PULPO: PARASOL Tisch und Vase Die Form des Beistelltischchens erinnert an einen sch\u00f6n gewachsenen schlanken Pilz. Als Solist oder in Gruppen bereitet PARASOL Kostbarkeiten des Alltags eine kleine B\u00fchne oder dient als n\u00fctzliche Ablage neben dem Sofa. Nimmt man die runde Porzellanplatte vom auskragenden Rand des Sockels und platziert sie darunter, wird das Duo zu [&hellip;]<\/p>\n","protected":false},"author":1,"featured_media":865,"parent":9,"menu_order":0,"comment_status":"closed","ping_status":"closed","template":"","meta":{"footnotes":""},"class_list":["post-687","page","type-page","status-publish","has-post-thumbnail","hentry"],"_links":{"self":[{"href":"https:\/\/www.speziell.net\/beta\/wp-json\/wp\/v2\/pages\/687","targetHints":{"allow":["GET"]}}],"collection":[{"href":"https:\/\/www.speziell.net\/beta\/wp-json\/wp\/v2\/pages"}],"about":[{"href":"https:\/\/www.speziell.net\/beta\/wp-json\/wp\/v2\/types\/page"}],"author":[{"embeddable":true,"href":"https:\/\/www.speziell.net\/beta\/wp-json\/wp\/v2\/users\/1"}],"replies":[{"embeddable":true,"href":"https:\/\/www.speziell.net\/beta\/wp-json\/wp\/v2\/comments?post=687"}],"version-history":[{"count":87,"href":"https:\/\/www.speziell.net\/beta\/wp-json\/wp\/v2\/pages\/687\/revisions"}],"predecessor-version":[{"id":5060,"href":"https:\/\/www.speziell.net\/beta\/wp-json\/wp\/v2\/pages\/687\/revisions\/5060"}],"up":[{"embeddable":true,"href":"https:\/\/www.speziell.net\/beta\/wp-json\/wp\/v2\/pages\/9"}],"wp:featuredmedia":[{"embeddable":true,"href":"https:\/\/www.speziell.net\/beta\/wp-json\/wp\/v2\/media\/865"}],"wp:attachment":[{"href":"https:\/\/www.speziell.net\/beta\/wp-json\/wp\/v2\/media?parent=687"}],"curies":[{"name":"wp","href":"https:\/\/api.w.org\/{rel}","templated":true}]}}